1 is divided by 6399?
5906
Calculate the remainder when 1634676 is divided by 1341.
1338
What is the remainder when 14156747 is divided by 2125?
2122
What is the remainder when 147310 is divided by 24260?
1750
What is the remainder when 978530 is divided by 195702?
20
What is the remainder when 825112 is divided by 1121?
56
Calculate the remainder when 185394 is divided by 10142.
2838
What is the remainder when 36031470 is divided by 91917?
6
What is the remainder when 1999531 is divided by 124970?
11
What is the remainder when 190850 is divided by 6156?
14
Calculate the remainder when 145867 is divided by 379.
331
What is the remainder when 47647 is divided by 1037?
982
What is the remainder when 420984 is divided by 420851?
133
What is the remainder when 866185 is divided by 4290?
3895
What is the remainder when 3530 is divided by 2978?
552
Calculate the remainder when 1857684 is divided by 132683.
122
Calculate the remainder when 204026 is divided by 100072.
3882
Calculate the remainder when 42529596 is divided by 76.
72
Calculate the remainder when 89539 is divided by 4216.
1003
What is the remainder when 9385 is divided by 1551?
79
What is the remainder when 371987 is divided by 937?
935
Calculate the remainder when 345049 is divided by 114990.
79
Calculate the remainder when 36632 is divided by 89.
53
What is the remainder when 3284635 is divided by 389?
308
What is the remainder when 497639 is divided by 1946?
1409
What is the remainder when 371089 is divided by 12741?
1600
What is the remainder when 344970 is divided by 172455?
60
What is the remainder when 566078 is divided by 564509?
1569
What is the remainder when 760461 is divided by 24528?
93
Calculate the remainder when 17949075 is divided by 5983024.
3
Calculate the remainder when 9876861 is divided by 20198.
39
Calculate the remainder when 47882 is divided by 15536.
1274
Calculate the remainder when 24377255 is divided by 173.
171
What is the remainder when 4901831 is divided by 18?
17
Calculate the remainder when 51288546 is divided by 212.
22
Calculate the remainder when 220406 is divided by 1173.
1055
What is the remainder when 30592946 is divided by 7648218?
74
What is the remainder when 1557604430 is divided by 16?
14
Calculate the remainder when 11395034 is divided by 2848749.
38
What is the remainder when 838105 is divided by 22?
15
What is the remainder when 35474327 is divided by 8?
7
What is the remainder when 250449 is divided by 250367?
82
Calculate the remainder when 276276 is divided by 1181.
1103
What is the remainder when 23105503 is divided by 23577?
43
Calculate the remainder when 13776 is divided by 762.
60
What is the remainder when 211369 is divided by 3355?
4
What is the remainder when 397003259 is divided by 86?
83
What is the remainder when 160940 is divided by 40132?
412
What is the remainder when 55198 is divided by 5086?
4338
What is the remainder when 524821799 is divided by 566?
563
Calculate the remainder when 71054245 is divided by 1347.
1342
Calculate the remainder when 853460 is divided by 48.
20
Calculate the remainder when 7134156 is divided by 327.
324
What is the remainder when 571568 is divided by 6016?
48
What is the remainder when 17764510 is divided by 67?
63
What is the remainder when 87470422 is divided by 52?
26
What is the remainder when 38292662 is divided by 83?
31
What is the remainder when 33619311 is divided by 2801605?
51
What is the remainder when 403466 is divided by 1500?
1466
What is the remainder when 77294993 is divided by 127?
126
Calculate the remainder when 1500316 is divided by 136365.
301
Calculate the remainder when 219186 is divided by 36501.
180
Calculate the remainder when 101753 is divided by 7245.
323
What is the remainder when 6718137 is divided by 66?
63
What is the remainder when 77032 is divided by 9581?
384
What is the remainder when 616124 is divided by 5704?
92
Calculate the remainder when 23210324 is divided by 859641.
17
What is the remainder when 34157034 is divided by 3551?
3516
Calculate the remainder when 4239821 is divided by 111574.
9
What is the remainder when 57794 is divided by 323?
300
Calculate the remainder when 4953932 is divided by 107690.
192
Calculate the remainder when 57923 is divided by 14377.
415
What is the remainder when 1409856 is divided by 55?
41
What is the remainder when 485934 is divided by 242586?
762
What is the remainder when 1252914 is divided by 270?
114
What is the remainder when 29505 is divided by 1174?
155
Calculate the remainder when 40189 is divided by 14.
9
Calculate the remainder when 245080 is divided by 200.
80
What is the remainder when 11396352 is divided by 48?
0
Calculate the remainder when 384921457 is divided by 1169974.
11
Calculate the remainder when 231788 is divided by 73.
13
What is the remainder when 4800305 is divided by 2399939?
427
Calculate the remainder when 163495121 is divided by 27.
23
What is the remainder when 25181648 is divided by 650?
648
What is the remainder when 293486 is divided by 293485?
1
What is the remainder when 72184 is divided by 5987?
340
Calculate the remainder when 18378 is divided by 5786.
1020
What is the remainder when 1078680 is divided by 457?
160
Calculate the remainder when 1726051 is divided by 44.
19
Calculate the remainder when 65429 is divided by 728.
637
What is the remainder when 55793724 is divided by 1449?
1428
Calculate the remainder when 634529 is divided by 24.
17
Calculate the remainder when 111661 is divided by 37210.
31
Calculate the remainder when 155882 is divided by 1671.
479
What is the remainder when 2075881 is divided by 18?
13
What is the remainder when 31327 is divided by 299?
231
What is the remainder when 558900380 is divided by 56?
52
What is the remainder when 1098051 is divided by 214?
17
What is the remainder when 18193122 is divided by 6549?
0
What is the remainder when 256643 is divided by 836?
827
What is the remainder when 1455603 is divided by 165?
138
What is the remainder when 3106228 is divided by 776552?
20
Calculate the remainder when 131156 is divided by 26228.
16
What is the remainder when 371831 is divided by 2479?
2460
What is the remainder when 190578 is divided by 5?
3
Calculate the remainder when 106649 is divided by 106544.
105
What is the remainder when 8731103 is divided by 1766?
1765
Calculate the remainder when 7899 is divided by 742.
479
Calculate the remainder when 49594639 is divided by 477.
472
What is the remainder when 169080 is divided by 570?
360
What is the remainder when 1079486 is divided by 56815?
1
What is the remainder when 84493136 is divided by 42246561?
14
What is the remainder when 76255820 is divided by 3?
2
What is the remainder when 42362739 is divided by 434?
433
Calculate the remainder when 1465584 is divided by 146555.
34
What is the remainder when 800342821 is divided by 424?
421
Calculate the remainder when 811102 is divided by 4312.
446
Calculate the remainder when 116815 is divided by 356.
47
What is the remainder when 358491 is divided by 178789?
913
Calculate the remainder when 19305 is divided by 17755.
1550
What is the remainder when 4441300 is divided by 1110325?
0
Calculate the remainder when 5883990 is divided by 2941991.
8
What is the remainder when 14067468 is divided by 7?
2
Calculate the remainder when 90727481 is divided by 38789.
10
What is the remainder when 379460 is divided by 229?
7
Calculate the remainder when 82877482 is divided by 6386.
6360
Calculate the remainder when 52775215 is divided by 329.
325
Calculate the remainder when 41135514 is divided by 38018.
38
Calculate the remainder when 289349 is divided by 144660.
29
Calculate the remainder when 5139454 is divided by 672.
670
What is the remainder when 244662 is divided by 1096?
254
What is the remainder when 53136106 is divided by 3186?
3184
What is the remainder when 4193006 is divided by 594?
554
What is the remainder when 506636 is divided by 506334?
302
Calculate the remainder when 2851960 is divided by 54.
4
What is the remainder when 6597160 is divided by 7396?
7324
What is the remainder when 203402 is divided by 964?
962
Calculate the remainder when 372117 is divided by 185661.
795
Calculate the remainder when 9870598 is divided by 22691.
13
Calculat